{"id":2180,"date":"2015-10-05T23:40:56","date_gmt":"2015-10-05T22:40:56","guid":{"rendered":"http:\/\/cifo2016.ori-estarreja.pt\/?page_id=2180"},"modified":"2018-09-20T20:49:52","modified_gmt":"2018-09-20T19:49:52","slug":"localizacao","status":"publish","type":"page","link":"https:\/\/cifo2018.ori-estarreja.pt\/?page_id=2180","title":{"rendered":"Localiza\u00e7\u00e3o"},"content":{"rendered":"<p><img loading=\"lazy\" class=\"aligncenter wp-image-2132\" src=\"http:\/\/cifo2018.ori-estarreja.pt\/wp-content\/uploads\/2015\/10\/gps-icon-280x300.png\" alt=\"\" width=\"120\" height=\"129\" srcset=\"https:\/\/cifo2018.ori-estarreja.pt\/wp-content\/uploads\/2015\/10\/gps-icon-280x300.png 280w, https:\/\/cifo2018.ori-estarreja.pt\/wp-content\/uploads\/2015\/10\/gps-icon.png 489w\" sizes=\"(max-width: 120px) 100vw, 120px\" \/><\/p>\n<p><strong>Coordenadas GPS:<\/strong><\/p>\n<p>&nbsp;<\/p>\n<ul>\n<li><strong>Secretariado<\/strong>\n<ul>\n<li>Model,\u00a0M\u00e9dia e Longa &#8211; Parque de Merendas da Gafanha da Boa Hora:\u00a040.55515, -8.74674<\/li>\n<li>Sprint\u00a0&#8211; Parque Municipal de Campismo da Praia de Mira:\u00a040.45042, -8.80201<\/li>\n<\/ul>\n<\/li>\n<\/ul>\n<p>&nbsp;<\/p>\n<ul>\n<li><strong>Zonas de Competi\u00e7\u00e3o<\/strong>\n<ul>\n<li>Model Event:\u00a040.4793, -8.75925<\/li>\n<li>M\u00e9dia e Longa &#8211; Arena &#8211; Parque de Merendas da Gafanha da Boa Hora:\u00a040.55515, -8.74674<\/li>\n<li>Sprint &#8211; Arena &#8211; Praia de Mira: 40.45571, -8.80316<\/li>\n<li>Sprint &#8211; Parking:\u00a040.44642, -8.80418<\/li>\n<li>Sprint &#8211; Quarentena &#8211; Parque Municipal de Campismo da Praia de Mira: 40.45042, -8.80201<\/li>\n<\/ul>\n<\/li>\n<\/ul>\n<p>&nbsp;<\/p>\n<ul>\n<li><strong>Solo Duro<\/strong>\n<ul>\n<li>Est\u00e1dio Municipal de Vagos:\u00a040.54425, -8.68689<\/li>\n<\/ul>\n<\/li>\n<\/ul>\n<ul>\n<li><strong>Banhos<\/strong>\n<ul>\n<li>Est\u00e1dio Municipal de Vagos:\u00a040.54425, -8.68689<\/li>\n<li>Pavilh\u00e3o Municipal de Vagos:\u00a040.54583, -8.68489<\/li>\n<\/ul>\n<\/li>\n<\/ul>\n<p>&nbsp;<\/p>\n<p><strong>Mapa de Localiza\u00e7\u00e3o do evento:<\/strong><\/p>\n<p>&nbsp;<\/p>\n<p style=\"text-align: center;\"><iframe loading=\"lazy\" src=\"https:\/\/www.google.com\/maps\/d\/u\/0\/embed?mid=1hM5mK2Etu5w62iN6P2jfziXlESYs-Tcc\" width=\"800\" height=\"600\"><\/iframe><\/p>\n<p>&nbsp;<\/p>\n<p><strong>Dist\u00e2ncias entre pontos de refer\u00eancia e a \u00e1rea do evento:<\/strong><\/p>\n\n<table id=\"tablepress-41\" class=\"tablepress tablepress-id-41 tablepress-responsive\">\n<thead>\n<tr class=\"row-1 odd\">\n\t<th class=\"column-1\">De:<\/th><th class=\"column-2\">Para:<\/th><th class=\"column-3\">Dist\u00e2ncia (Km)<\/th>\n<\/tr>\n<\/thead>\n<tbody class=\"row-hover\">\n<tr class=\"row-2 even\">\n\t<td class=\"column-1\">Lisboa (aeroporto)<\/td><td class=\"column-2\">Vagos<\/td><td class=\"column-3\">235-245<\/td>\n<\/tr>\n<tr class=\"row-3 odd\">\n\t<td class=\"column-1\">Porto (aeroporto)<\/td><td class=\"column-2\">Vagos<\/td><td class=\"column-3\">95-100<\/td>\n<\/tr>\n<tr class=\"row-4 even\">\n\t<td class=\"column-1\">Madrid<\/td><td class=\"column-2\">Vagos<\/td><td class=\"column-3\">537<\/td>\n<\/tr>\n<tr class=\"row-5 odd\">\n\t<td class=\"column-1\">Vagos<\/td><td class=\"column-2\">Model Event<\/td><td class=\"column-3\">17<\/td>\n<\/tr>\n<tr class=\"row-6 even\">\n\t<td class=\"column-1\">Vagos<\/td><td class=\"column-2\">Arena M\u00e9dia e Longa<\/td><td class=\"column-3\">6<\/td>\n<\/tr>\n<tr class=\"row-7 odd\">\n\t<td class=\"column-1\">Vagos<\/td><td class=\"column-2\">Parking Sprint<\/td><td class=\"column-3\">21<\/td>\n<\/tr>\n<tr class=\"row-8 even\">\n\t<td class=\"column-1\">Arena M\u00e9dia e Longa<\/td><td class=\"column-2\">Parking Sprint<\/td><td class=\"column-3\">16<\/td>\n<\/tr>\n<\/tbody>\n<\/table>\n<!-- #tablepress-41 from cache -->\n","protected":false},"excerpt":{"rendered":"<p>Coordenadas GPS: &nbsp; Secretariado Model,\u00a0M\u00e9dia e Longa &#8211; Parque de Merendas da Gafanha da Boa Hora:\u00a040.55515, -8.74674 Sprint\u00a0&#8211; Parque Municipal de Campismo da Praia de Mira:\u00a040.45042, -8.80201 &nbsp; Zonas de &#8230;<\/p>\n","protected":false},"author":1,"featured_media":0,"parent":0,"menu_order":0,"comment_status":"closed","ping_status":"closed","template":"","meta":[],"_links":{"self":[{"href":"https:\/\/cifo2018.ori-estarreja.pt\/index.php?rest_route=\/wp\/v2\/pages\/2180"}],"collection":[{"href":"https:\/\/cifo2018.ori-estarreja.pt\/index.php?rest_route=\/wp\/v2\/pages"}],"about":[{"href":"https:\/\/cifo2018.ori-estarreja.pt\/index.php?rest_route=\/wp\/v2\/types\/page"}],"author":[{"embeddable":true,"href":"https:\/\/cifo2018.ori-estarreja.pt\/index.php?rest_route=\/wp\/v2\/users\/1"}],"replies":[{"embeddable":true,"href":"https:\/\/cifo2018.ori-estarreja.pt\/index.php?rest_route=%2Fwp%2Fv2%2Fcomments&post=2180"}],"version-history":[{"count":9,"href":"https:\/\/cifo2018.ori-estarreja.pt\/index.php?rest_route=\/wp\/v2\/pages\/2180\/revisions"}],"predecessor-version":[{"id":3667,"href":"https:\/\/cifo2018.ori-estarreja.pt\/index.php?rest_route=\/wp\/v2\/pages\/2180\/revisions\/3667"}],"wp:attachment":[{"href":"https:\/\/cifo2018.ori-estarreja.pt\/index.php?rest_route=%2Fwp%2Fv2%2Fmedia&parent=2180"}],"curies":[{"name":"wp","href":"https:\/\/api.w.org\/{rel}","templated":true}]}}