{"id":2204,"date":"2018-07-31T00:51:52","date_gmt":"2018-07-30T23:51:52","guid":{"rendered":"http:\/\/cifo2016.ori-estarreja.pt\/?page_id=2204"},"modified":"2018-07-31T02:24:02","modified_gmt":"2018-07-31T01:24:02","slug":"pagamentos","status":"publish","type":"page","link":"https:\/\/cifo2018.ori-estarreja.pt\/?page_id=2204","title":{"rendered":"Pagamentos"},"content":{"rendered":"<h3><strong><br \/>\n<img loading=\"lazy\" class=\"aligncenter wp-image-2140 size-thumbnail\" src=\"http:\/\/cifo2018.ori-estarreja.pt\/wp-content\/uploads\/2015\/10\/pago-150x150.png\" alt=\"pago\" width=\"150\" height=\"150\" srcset=\"https:\/\/cifo2018.ori-estarreja.pt\/wp-content\/uploads\/2015\/10\/pago-150x150.png 150w, https:\/\/cifo2018.ori-estarreja.pt\/wp-content\/uploads\/2015\/10\/pago.png 200w\" sizes=\"(max-width: 150px) 100vw, 150px\" \/>COMO PAGAR?<\/strong><\/h3>\n<p>O pagamento das inscri\u00e7\u00f5es pode ser realizado por transfer\u00eancia banc\u00e1ria (preferencialmente) ou diretamente no Event Center em dinheiro.<\/p>\n<h3><strong>Dados para pagamento via transfer\u00eancia banc\u00e1ria:<\/strong><\/h3>\n<p><strong>Banco:<\/strong> Caixa Geral de Dep\u00f3sitos<br \/>\n<strong>Ag\u00eancia:<\/strong> Estarreja<br \/>\n<strong>N\u00famero de Conta:<\/strong> 003502910003342833041<br \/>\n<strong>IBAN:<\/strong> PT50003502910003342833041<br \/>\n<strong>SWIFT CODE BIC:\u00a0<\/strong>CGDIPTPL<\/p>\n<p><strong>Nome do Destinat\u00e1rio:<\/strong>\u00a0ORI-Estarreja \u2013 Clube de Orienta\u00e7\u00e3o de Estarreja<br \/>\n<strong>Morada do Destinat\u00e1rio:<\/strong>\u00a0Apartado 141,\u00a03864-909 Estarreja,\u00a0Portugal<\/p>\n<p><strong>Morada do Banco Destinat\u00e1rio:<\/strong>\u00a0Avenida Visconde de Salreu,\u00a03860-353 Estarreja,\u00a0Portugal<\/p>\n<p>Em todas as inscri\u00e7\u00f5es pagas por Transfer\u00eancia Banc\u00e1ria \u00e9 necess\u00e1rio enviar comprovativo da opera\u00e7\u00e3o (via email: <a href=\"mailto:inscrever@ori-estarreja.pt\">inscrever@ori-estarreja.pt<\/a>). \u00c9 primordial que esse comprovativo permita identificar a quem se dirige o pagamento, portanto:<\/p>\n<ul>\n<li>Nas inscri\u00e7\u00f5es Express do OASIS, colocar o Express Code no descritivo da confirma\u00e7\u00e3o;<\/li>\n<li>Para pagamentos de clubes, indique sempre o nome clube no descritivo.\n<ul>\n<li>Para pagamentos totais de clubes, nada mais h\u00e1 a acrescentar.<\/li>\n<li>Para pagamentos parciais, indique nos coment\u00e1rios a lista de atletas, ou envie um mail \u00e0 organiza\u00e7\u00e3o com a lista e o comprovativo em anexo.<\/li>\n<\/ul>\n<\/li>\n<\/ul>\n<p>Use o endere\u00e7o <a href=\"mailto:inscrever@ori-estarreja.pt\">inscrever@ori-estarreja.pt<\/a> para todos os mails relacionados com inscri\u00e7\u00f5es.<\/p>\n<p><em><strong>Nota:<\/strong> Todas as despesas inerentes \u00e0s transfer\u00eancias dever\u00e3o ser suportadas pelos ordenante.\u00a0<\/em><em>Se alguma despesa for indevidamente cobrada \u00e0 Organiza\u00e7\u00e3o inerente \u00e0s transfer\u00eancias efetuadas ser\u00e3o pagas posteriormente pelos clubes ou atletas.<\/em><\/p>\n","protected":false},"excerpt":{"rendered":"<p>COMO PAGAR? O pagamento das inscri\u00e7\u00f5es pode ser realizado por transfer\u00eancia banc\u00e1ria (preferencialmente) ou diretamente no Event Center em dinheiro. Dados para pagamento via transfer\u00eancia banc\u00e1ria: Banco: Caixa Geral de &#8230;<\/p>\n","protected":false},"author":1,"featured_media":0,"parent":0,"menu_order":0,"comment_status":"closed","ping_status":"closed","template":"","meta":[],"_links":{"self":[{"href":"https:\/\/cifo2018.ori-estarreja.pt\/index.php?rest_route=\/wp\/v2\/pages\/2204"}],"collection":[{"href":"https:\/\/cifo2018.ori-estarreja.pt\/index.php?rest_route=\/wp\/v2\/pages"}],"about":[{"href":"https:\/\/cifo2018.ori-estarreja.pt\/index.php?rest_route=\/wp\/v2\/types\/page"}],"author":[{"embeddable":true,"href":"https:\/\/cifo2018.ori-estarreja.pt\/index.php?rest_route=\/wp\/v2\/users\/1"}],"replies":[{"embeddable":true,"href":"https:\/\/cifo2018.ori-estarreja.pt\/index.php?rest_route=%2Fwp%2Fv2%2Fcomments&post=2204"}],"version-history":[{"count":3,"href":"https:\/\/cifo2018.ori-estarreja.pt\/index.php?rest_route=\/wp\/v2\/pages\/2204\/revisions"}],"predecessor-version":[{"id":3389,"href":"https:\/\/cifo2018.ori-estarreja.pt\/index.php?rest_route=\/wp\/v2\/pages\/2204\/revisions\/3389"}],"wp:attachment":[{"href":"https:\/\/cifo2018.ori-estarreja.pt\/index.php?rest_route=%2Fwp%2Fv2%2Fmedia&parent=2204"}],"curies":[{"name":"wp","href":"https:\/\/api.w.org\/{rel}","templated":true}]}}