{"id":2609,"date":"2018-07-31T00:24:03","date_gmt":"2018-07-30T23:24:03","guid":{"rendered":"http:\/\/cifo2016.ori-estarreja.pt\/?page_id=2609"},"modified":"2018-07-31T02:56:25","modified_gmt":"2018-07-31T01:56:25","slug":"contactos","status":"publish","type":"page","link":"https:\/\/cifo2018.ori-estarreja.pt\/?page_id=2609","title":{"rendered":"Contactos"},"content":{"rendered":"<p><img loading=\"lazy\" class=\"aligncenter wp-image-3168\" src=\"http:\/\/cifo2018.ori-estarreja.pt\/wp-content\/uploads\/2018\/07\/logoCIFO-300x300.jpg\" alt=\"\" width=\"100\" height=\"100\" srcset=\"https:\/\/cifo2018.ori-estarreja.pt\/wp-content\/uploads\/2018\/07\/logoCIFO-300x300.jpg 300w, https:\/\/cifo2018.ori-estarreja.pt\/wp-content\/uploads\/2018\/07\/logoCIFO-150x150.jpg 150w, https:\/\/cifo2018.ori-estarreja.pt\/wp-content\/uploads\/2018\/07\/logoCIFO-768x768.jpg 768w, https:\/\/cifo2018.ori-estarreja.pt\/wp-content\/uploads\/2018\/07\/logoCIFO.jpg 960w\" sizes=\"(max-width: 100px) 100vw, 100px\" \/><\/p>\n<p><strong>Evento no facebook:<\/strong>\u00a0<a href=\"https:\/\/www.facebook.com\/oriestarrejaevents\">https:\/\/www.facebook.com\/oriestarrejaevents<\/a><\/p>\n<p>&nbsp;<\/p>\n<p><img loading=\"lazy\" class=\"aligncenter size-full wp-image-2137\" src=\"http:\/\/cifo2018.ori-estarreja.pt\/wp-content\/uploads\/2015\/10\/logo-ori_150px.jpg\" alt=\"logo-ori_150px\" width=\"150\" height=\"150\" \/><\/p>\n<p><strong>Ori \u2013 Estarreja:<em>\u00a0<\/em><\/strong><\/p>\n<ul>\n<li><strong><em>E-mail informa\u00e7\u00f5es:\u00a0<\/em><\/strong><a href=\"mailto:info@ori-estarreja.pt\">info@ori-estarreja.pt<\/a><\/li>\n<li><strong><em>E-mail inscri\u00e7\u00f5es:\u00a0<\/em><\/strong><a href=\"mailto:inscrever@ori-estarreja.pt\">inscrever@ori-estarreja.pt<\/a><\/li>\n<li><strong><em>P\u00e1gina Web:\u00a0<\/em><\/strong><a href=\"http:\/\/cifo2018.ori-estarreja.pt\">http:\/\/cifo2018.ori-estarreja.pt<\/a><\/li>\n<li><strong><em>Facebook:\u00a0<\/em><\/strong><a href=\"http:\/\/www.facebook.com\/oriestarreja\">http:\/\/www.facebook.com\/oriestarreja<\/a><\/li>\n<\/ul>\n<p>&nbsp;<\/p>\n<p><img loading=\"lazy\" class=\"aligncenter size-thumbnail wp-image-2131\" src=\"http:\/\/cifo2018.ori-estarreja.pt\/wp-content\/uploads\/2015\/10\/FPO_web_200px-150x150.png\" alt=\"FPO_web_200px\" width=\"150\" height=\"150\" srcset=\"https:\/\/cifo2018.ori-estarreja.pt\/wp-content\/uploads\/2015\/10\/FPO_web_200px-150x150.png 150w, https:\/\/cifo2018.ori-estarreja.pt\/wp-content\/uploads\/2015\/10\/FPO_web_200px.png 200w\" sizes=\"(max-width: 150px) 100vw, 150px\" \/><\/p>\n<p><strong>Federa\u00e7\u00e3o Portuguesa de Orienta\u00e7\u00e3o:<em>\u00a0<\/em><\/strong><\/p>\n<ul>\n<li><strong><em>E-mail:\u00a0<\/em><\/strong><a href=\"mailto:geral@fpo.pt\">geral@fpo.pt<\/a><\/li>\n<li><strong><em>Tel:\u00a0<\/em><\/strong>(+351) 244 575 074<\/li>\n<li><strong><em>P\u00e1gina Web:\u00a0<\/em><\/strong><a href=\"http:\/\/www.fpo.pt\/\">http:\/\/www.fpo.pt<\/a><\/li>\n<li><strong><em>Facebook:\u00a0<\/em><\/strong><a href=\"http:\/\/www.facebook.com\/federa%C3%A7%C3%A3oportuguesade.orientacao\">http:\/\/www.facebook.com\/federa\u00e7\u00e3oportuguesade.orientacao<\/a><\/li>\n<\/ul>\n<p>&nbsp;<\/p>\n<p><a href=\"http:\/\/cifo2016.ori-estarreja.pt\/index.php\/pt\/teste-de-mapa\/\"><img loading=\"lazy\" class=\"aligncenter wp-image-2139 size-thumbnail\" src=\"http:\/\/cifo2018.ori-estarreja.pt\/wp-content\/uploads\/2015\/10\/o-por_200px-150x150.png\" alt=\"o-por_200px\" width=\"150\" height=\"150\" srcset=\"https:\/\/cifo2018.ori-estarreja.pt\/wp-content\/uploads\/2015\/10\/o-por_200px-150x150.png 150w, https:\/\/cifo2018.ori-estarreja.pt\/wp-content\/uploads\/2015\/10\/o-por_200px.png 200w\" sizes=\"(max-width: 150px) 100vw, 150px\" \/><\/a><\/p>\n<p><strong>Campos de Treino \u2013 O-Portugal:<\/strong><\/p>\n<ul>\n<li><strong><em>E-mail:\u00a0<\/em><\/strong><a href=\"mailto:info.oportugal@gmail.com\">oportugal@gmail.com<\/a><\/li>\n<li><strong><em>Tel:\u00a0<\/em><\/strong>(+351)\u00a0965197376<\/li>\n<li><strong><em>P\u00e1gina Web:\u00a0<\/em><\/strong><a href=\"http:\/\/www.o-portugal.pt\/\">http:\/\/www.o-portugal.pt\/<\/a><\/li>\n<li><strong><em>Facebook:<\/em><\/strong>\u00a0<a href=\"https:\/\/www.facebook.com\/OPortugalTC\">https:\/\/www.facebook.com\/OPortugalTC<\/a><\/li>\n<\/ul>\n","protected":false},"excerpt":{"rendered":"<p>Evento no facebook:\u00a0https:\/\/www.facebook.com\/oriestarrejaevents &nbsp; Ori \u2013 Estarreja:\u00a0 E-mail informa\u00e7\u00f5es:\u00a0info@ori-estarreja.pt E-mail inscri\u00e7\u00f5es:\u00a0inscrever@ori-estarreja.pt P\u00e1gina Web:\u00a0http:\/\/cifo2018.ori-estarreja.pt Facebook:\u00a0http:\/\/www.facebook.com\/oriestarreja &nbsp; Federa\u00e7\u00e3o Portuguesa de Orienta\u00e7\u00e3o:\u00a0 E-mail:\u00a0geral@fpo.pt Tel:\u00a0(+351) 244 575 074 P\u00e1gina Web:\u00a0http:\/\/www.fpo.pt Facebook:\u00a0http:\/\/www.facebook.com\/federa\u00e7\u00e3oportuguesade.orientacao &nbsp; Campos de &#8230;<\/p>\n","protected":false},"author":1,"featured_media":0,"parent":0,"menu_order":0,"comment_status":"closed","ping_status":"closed","template":"","meta":[],"_links":{"self":[{"href":"https:\/\/cifo2018.ori-estarreja.pt\/index.php?rest_route=\/wp\/v2\/pages\/2609"}],"collection":[{"href":"https:\/\/cifo2018.ori-estarreja.pt\/index.php?rest_route=\/wp\/v2\/pages"}],"about":[{"href":"https:\/\/cifo2018.ori-estarreja.pt\/index.php?rest_route=\/wp\/v2\/types\/page"}],"author":[{"embeddable":true,"href":"https:\/\/cifo2018.ori-estarreja.pt\/index.php?rest_route=\/wp\/v2\/users\/1"}],"replies":[{"embeddable":true,"href":"https:\/\/cifo2018.ori-estarreja.pt\/index.php?rest_route=%2Fwp%2Fv2%2Fcomments&post=2609"}],"version-history":[{"count":6,"href":"https:\/\/cifo2018.ori-estarreja.pt\/index.php?rest_route=\/wp\/v2\/pages\/2609\/revisions"}],"predecessor-version":[{"id":3408,"href":"https:\/\/cifo2018.ori-estarreja.pt\/index.php?rest_route=\/wp\/v2\/pages\/2609\/revisions\/3408"}],"wp:attachment":[{"href":"https:\/\/cifo2018.ori-estarreja.pt\/index.php?rest_route=%2Fwp%2Fv2%2Fmedia&parent=2609"}],"curies":[{"name":"wp","href":"https:\/\/api.w.org\/{rel}","templated":true}]}}