{"id":3457,"date":"2018-08-02T18:39:00","date_gmt":"2018-08-02T17:39:00","guid":{"rendered":"http:\/\/cifo2018.ori-estarreja.pt\/?page_id=3457"},"modified":"2018-09-08T15:35:34","modified_gmt":"2018-09-08T14:35:34","slug":"alojamento-no-camping-orbitur-vagueira","status":"publish","type":"page","link":"https:\/\/cifo2018.ori-estarreja.pt\/?page_id=3457","title":{"rendered":"Alojamento no Camping Orbitur &#8211; Vagueira"},"content":{"rendered":"<div class='content-column one_fifth'><p>&nbsp;<\/p><\/div>\n<div class='content-column three_fifth'><a class=\"cl-ib animation_soter ratio_3x2 align_left with_title with_desc cl_custom_css_1\" style=\"width:100%;background-color:#cb611f;color:#ffffff;\"><div class=\"cl-ib-h easing_ease\"><div class=\"cl-ib-image\" style=\"background-image: url(https:\/\/cifo2018.ori-estarreja.pt\/wp-content\/uploads\/2018\/08\/pcv1.jpg)\"><img src=\"https:\/\/cifo2018.ori-estarreja.pt\/wp-content\/uploads\/2018\/08\/pcv1.jpg\" width=\"1280\" height=\"851\"  alt=\"Camping Orbitur Vagueira\" \/><\/div><div class=\"cl-ib-content\" style=\"padding:10%;\"><div class=\"cl-ib-content-h\"><h4 class=\"cl-ib-title\" style=\"font-size:20px;\">Camping Orbitur Vagueira<\/h4><div class=\"cl-ib-desc\">O alojamento mais pr\u00f3ximo da Arena do CIFO 2018.<br \/>\nConsulte condi\u00e7\u00f5es e fotos abaixo.<\/p>\n<p>Tel: +351 234 797 526<br \/>\nMail: infovagueira@orbitur.pt<\/div><\/div><\/div><\/div><\/a><style type=\"text\/css\">@media only screen and (max-width: 599px) {.cl_custom_css_1 .cl-ib-title { font-size:16px !important; }}<\/style><\/div>\n<div class='content-column one_fifth last_column'><p>&nbsp;<\/p><\/div><div class='clear_column'><\/div><br \/>\n&nbsp;<\/p>\n<p>O Camping Orbitur &#8211; Vagueira estabelece pre\u00e7os vantajosos para os participantes do CIFO 2018, a saber:<\/p>\n<p>&nbsp;<\/p>\n<ul>\n<li>20% de Desconto no valor da estadia, exceto na tarifa de Eletricidade<\/li>\n<\/ul>\n<p>&nbsp;<\/p>\n<p><img loading=\"lazy\" class=\"aligncenter wp-image-3431\" src=\"http:\/\/cifo2018.ori-estarreja.pt\/wp-content\/uploads\/2018\/08\/logo_orbitur-290x300.jpg\" alt=\"\" width=\"80\" height=\"83\" srcset=\"https:\/\/cifo2018.ori-estarreja.pt\/wp-content\/uploads\/2018\/08\/logo_orbitur-290x300.jpg 290w, https:\/\/cifo2018.ori-estarreja.pt\/wp-content\/uploads\/2018\/08\/logo_orbitur.jpg 627w\" sizes=\"(max-width: 80px) 100vw, 80px\" \/><\/p>\n<p>&nbsp;<\/p>\n<p>As condi\u00e7\u00f5es para beneficiar do desconto s\u00e3o:<\/p>\n<p>&nbsp;<\/p>\n<ul>\n<li>Estar inscrito no CIFO 2018 ou fazer parte de grupo ou fam\u00edlia com inscritos;<\/li>\n<li>As reservas s\u00e3o efetuadas para o fim de semana do evento&nbsp; e podem incluir estadias mais longas para os dias anteriores e posteriores;<\/li>\n<li>As reservas de alojamento s\u00e3o:\n<ul>\n<li>Por telefone ou E-mail diretamente com o Camping Orbitur &#8211; Vagueira;<\/li>\n<\/ul>\n<\/li>\n<li>O desconto n\u00e3o acumula com qualquer outra promo\u00e7\u00e3o;<\/li>\n<\/ul>\n<p>&nbsp;<\/p>\n<p>Para pre\u00e7os, informa\u00e7\u00e3o \u00fatil e reservas, clicar nos bot\u00f5es seguintes.<\/p>\n<p>&nbsp;<\/p>\n<div class='content-column one_half'><div style=\"padding-right:10px;padding-left:10px;\"><p style=\"text-align: center;\"><a class=\"fasc-button fasc-size-large fasc-type-glossy fasc-rounded-medium fasc-ico-before dashicons-media-text fasc-style-bold\" style=\"background-color: #cb611f; color: #ffffff;\" target=\"_blank\" rel=\"noopener\" href=\"http:\/\/cifo2018.ori-estarreja.pt\/wp-content\/uploads\/2018\/08\/PRECOS_1708.pdf\">Pre\u00e7os 2018<\/a><\/p><\/div><\/div>\n<div class='content-column one_half last_column'><div style=\"padding-right:10px;padding-left:10px;\"><p style=\"text-align: center;\"><a class=\"fasc-button fasc-size-large fasc-type-glossy fasc-rounded-medium fasc-ico-before dashicons-info fasc-style-bold\" style=\"background-color: #cb611f; color: #ffffff;\" target=\"_blank\" rel=\"noopener\" href=\"http:\/\/cifo2018.ori-estarreja.pt\/wp-content\/uploads\/2018\/08\/INFO_UTIL_1708.pdf\">Informa\u00e7\u00e3o \u00datil<\/a><\/p><\/div><\/div><div class='clear_column'><\/div>\n<p>&nbsp;<\/p>\n<p>Para qualquer esclarecimento adicional, contacte o Camping Orbitur &#8211; Vagueira diretamente.<\/p>\n<p>&nbsp;<\/p>\n<style type=\"text\/css\">\r\n\t#foogallery-gallery-3466 .fg-image {\r\n        width: 200px;\r\n    }\r\n<\/style>\r\n\t\t\t\t<div class=\"foogallery foogallery-container foogallery-default foogallery-lightbox-foobox fg-gutter-10 fg-center fg-default fg-light fg-shadow-small fg-loading-bars fg-loaded-fade-in fg-hover-grayscale fg-hover-scale fg-caption-hover fg-hover-fade fg-hover-zoom fg-ready\" id=\"foogallery-gallery-3466\" data-foogallery=\"{&quot;item&quot;:{&quot;showCaptionTitle&quot;:true,&quot;showCaptionDescription&quot;:true},&quot;lazy&quot;:true}\" >\r\n\t<div class=\"fg-item fg-type-image fg-idle\"><figure class=\"fg-item-inner\"><a href=\"https:\/\/cifo2018.ori-estarreja.pt\/wp-content\/uploads\/2018\/08\/pcv4.jpg\" data-attachment-id=\"3442\" class=\"fg-thumb\"><span class=\"fg-image-wrap\"><img width=\"200\" height=\"150\" class=\"skip-lazy fg-image\" data-src-fg=\"https:\/\/cifo2018.ori-estarreja.pt\/wp-content\/uploads\/cache\/2018\/08\/pcv4\/3943820213.jpg\" src=\"data:image\/svg+xml,%3Csvg%20xmlns%3D%22http%3A%2F%2Fwww.w3.org%2F2000%2Fsvg%22%20width%3D%22200%22%20height%3D%22150%22%20viewBox%3D%220%200%20200%20150%22%3E%3C%2Fsvg%3E\"><\/span><span class=\"fg-image-overlay\"><\/span><\/a><figcaption class=\"fg-caption\"><div class=\"fg-caption-inner\"><\/div><\/figcaption><\/figure><div class=\"fg-loader\"><\/div><\/div><div class=\"fg-item fg-type-image fg-idle\"><figure class=\"fg-item-inner\"><a href=\"https:\/\/cifo2018.ori-estarreja.pt\/wp-content\/uploads\/2018\/08\/pcv3.jpg\" data-attachment-id=\"3441\" class=\"fg-thumb\"><span class=\"fg-image-wrap\"><img width=\"200\" height=\"150\" class=\"skip-lazy fg-image\" data-src-fg=\"https:\/\/cifo2018.ori-estarreja.pt\/wp-content\/uploads\/cache\/2018\/08\/pcv3\/3684646440.jpg\" src=\"data:image\/svg+xml,%3Csvg%20xmlns%3D%22http%3A%2F%2Fwww.w3.org%2F2000%2Fsvg%22%20width%3D%22200%22%20height%3D%22150%22%20viewBox%3D%220%200%20200%20150%22%3E%3C%2Fsvg%3E\"><\/span><span class=\"fg-image-overlay\"><\/span><\/a><figcaption class=\"fg-caption\"><div class=\"fg-caption-inner\"><\/div><\/figcaption><\/figure><div class=\"fg-loader\"><\/div><\/div><div class=\"fg-item fg-type-image fg-idle\"><figure class=\"fg-item-inner\"><a href=\"https:\/\/cifo2018.ori-estarreja.pt\/wp-content\/uploads\/2018\/08\/pcv7.jpg\" data-attachment-id=\"3445\" class=\"fg-thumb\"><span class=\"fg-image-wrap\"><img width=\"200\" height=\"150\" class=\"skip-lazy fg-image\" data-src-fg=\"https:\/\/cifo2018.ori-estarreja.pt\/wp-content\/uploads\/cache\/2018\/08\/pcv7\/2984305437.jpg\" src=\"data:image\/svg+xml,%3Csvg%20xmlns%3D%22http%3A%2F%2Fwww.w3.org%2F2000%2Fsvg%22%20width%3D%22200%22%20height%3D%22150%22%20viewBox%3D%220%200%20200%20150%22%3E%3C%2Fsvg%3E\"><\/span><span class=\"fg-image-overlay\"><\/span><\/a><figcaption class=\"fg-caption\"><div class=\"fg-caption-inner\"><\/div><\/figcaption><\/figure><div class=\"fg-loader\"><\/div><\/div><div class=\"fg-item fg-type-image fg-idle\"><figure class=\"fg-item-inner\"><a href=\"https:\/\/cifo2018.ori-estarreja.pt\/wp-content\/uploads\/2018\/08\/pcv2.jpg\" data-attachment-id=\"3440\" class=\"fg-thumb\"><span class=\"fg-image-wrap\"><img width=\"200\" height=\"150\" class=\"skip-lazy fg-image\" data-src-fg=\"https:\/\/cifo2018.ori-estarreja.pt\/wp-content\/uploads\/cache\/2018\/08\/pcv2\/3084683509.jpg\" src=\"data:image\/svg+xml,%3Csvg%20xmlns%3D%22http%3A%2F%2Fwww.w3.org%2F2000%2Fsvg%22%20width%3D%22200%22%20height%3D%22150%22%20viewBox%3D%220%200%20200%20150%22%3E%3C%2Fsvg%3E\"><\/span><span class=\"fg-image-overlay\"><\/span><\/a><figcaption class=\"fg-caption\"><div class=\"fg-caption-inner\"><\/div><\/figcaption><\/figure><div class=\"fg-loader\"><\/div><\/div><div class=\"fg-item fg-type-image fg-idle\"><figure class=\"fg-item-inner\"><a href=\"https:\/\/cifo2018.ori-estarreja.pt\/wp-content\/uploads\/2018\/08\/pcv5.jpg\" data-attachment-id=\"3443\" class=\"fg-thumb\"><span class=\"fg-image-wrap\"><img width=\"200\" height=\"150\" class=\"skip-lazy fg-image\" data-src-fg=\"https:\/\/cifo2018.ori-estarreja.pt\/wp-content\/uploads\/cache\/2018\/08\/pcv5\/2270322024.jpg\" src=\"data:image\/svg+xml,%3Csvg%20xmlns%3D%22http%3A%2F%2Fwww.w3.org%2F2000%2Fsvg%22%20width%3D%22200%22%20height%3D%22150%22%20viewBox%3D%220%200%20200%20150%22%3E%3C%2Fsvg%3E\"><\/span><span class=\"fg-image-overlay\"><\/span><\/a><figcaption class=\"fg-caption\"><div class=\"fg-caption-inner\"><\/div><\/figcaption><\/figure><div class=\"fg-loader\"><\/div><\/div><div class=\"fg-item fg-type-image fg-idle\"><figure class=\"fg-item-inner\"><a href=\"https:\/\/cifo2018.ori-estarreja.pt\/wp-content\/uploads\/2018\/08\/pcv6.jpg\" data-attachment-id=\"3444\" class=\"fg-thumb\"><span class=\"fg-image-wrap\"><img width=\"200\" height=\"150\" class=\"skip-lazy fg-image\" data-src-fg=\"https:\/\/cifo2018.ori-estarreja.pt\/wp-content\/uploads\/cache\/2018\/08\/pcv6\/3718469056.jpg\" src=\"data:image\/svg+xml,%3Csvg%20xmlns%3D%22http%3A%2F%2Fwww.w3.org%2F2000%2Fsvg%22%20width%3D%22200%22%20height%3D%22150%22%20viewBox%3D%220%200%20200%20150%22%3E%3C%2Fsvg%3E\"><\/span><span class=\"fg-image-overlay\"><\/span><\/a><figcaption class=\"fg-caption\"><div class=\"fg-caption-inner\"><\/div><\/figcaption><\/figure><div class=\"fg-loader\"><\/div><\/div><\/div>\r\n\n<p>&nbsp;<\/p>\n<p><em><strong>Nota:&nbsp;<\/strong>O Camping Orbitur &#8211; Vagueira reserva-se ao direito de solicitar confirma\u00e7\u00e3o junto da organiza\u00e7\u00e3o se as reservas efetuadas para o fim de semana do evento s\u00e3o de participantes inscritos no CIFO 2018.<\/em><\/p>\n","protected":false},"excerpt":{"rendered":"<p>&nbsp; O Camping Orbitur &#8211; Vagueira estabelece pre\u00e7os vantajosos para os participantes do CIFO 2018, a saber: &nbsp; 20% de Desconto no valor da estadia, exceto na tarifa de Eletricidade &#8230;<\/p>\n","protected":false},"author":1,"featured_media":0,"parent":0,"menu_order":0,"comment_status":"closed","ping_status":"closed","template":"","meta":[],"_links":{"self":[{"href":"https:\/\/cifo2018.ori-estarreja.pt\/index.php?rest_route=\/wp\/v2\/pages\/3457"}],"collection":[{"href":"https:\/\/cifo2018.ori-estarreja.pt\/index.php?rest_route=\/wp\/v2\/pages"}],"about":[{"href":"https:\/\/cifo2018.ori-estarreja.pt\/index.php?rest_route=\/wp\/v2\/types\/page"}],"author":[{"embeddable":true,"href":"https:\/\/cifo2018.ori-estarreja.pt\/index.php?rest_route=\/wp\/v2\/users\/1"}],"replies":[{"embeddable":true,"href":"https:\/\/cifo2018.ori-estarreja.pt\/index.php?rest_route=%2Fwp%2Fv2%2Fcomments&post=3457"}],"version-history":[{"count":45,"href":"https:\/\/cifo2018.ori-estarreja.pt\/index.php?rest_route=\/wp\/v2\/pages\/3457\/revisions"}],"predecessor-version":[{"id":3542,"href":"https:\/\/cifo2018.ori-estarreja.pt\/index.php?rest_route=\/wp\/v2\/pages\/3457\/revisions\/3542"}],"wp:attachment":[{"href":"https:\/\/cifo2018.ori-estarreja.pt\/index.php?rest_route=%2Fwp%2Fv2%2Fmedia&parent=3457"}],"curies":[{"name":"wp","href":"https:\/\/api.w.org\/{rel}","templated":true}]}}